{"id":89,"date":"2024-02-02T23:55:41","date_gmt":"2024-02-02T22:55:41","guid":{"rendered":"http:\/\/edouardessig.com\/?page_id=89"},"modified":"2024-09-01T22:06:18","modified_gmt":"2024-09-01T20:06:18","slug":"poesies","status":"publish","type":"page","link":"https:\/\/edouardessig.com\/index.php\/poesies\/","title":{"rendered":"Po\u00e9sies"},"content":{"rendered":"\n<div class=\"wp-block-cover alignfull is-light\"><span aria-hidden=\"true\" class=\"wp-block-cover__background has-background-dim-0 has-background-dim\" style=\"background-color:#f3f3f3\"><\/span><div class=\"wp-block-cover__inner-container has-global-padding is-layout-constrained wp-block-cover-is-layout-constrained\">\n<div class=\"wp-block-group alignfull has-global-padding is-layout-constrained wp-container-core-group-is-layout-7cffe988 wp-block-group-is-layout-constrained\" style=\"padding-top:180px;padding-bottom:80px\">\n<div class=\"wp-block-columns alignwide is-layout-flex wp-container-core-columns-is-layout-bad5dd0e wp-block-columns-is-layout-flex\">\n<div class=\"wp-block-column is-layout-flow wp-container-core-column-is-layout-1284340a wp-block-column-is-layout-flow\" style=\"padding-right:10px;padding-left:10px;flex-basis:60%\">\n<div class=\"wp-block-group has-global-padding is-content-justification-left is-layout-constrained wp-container-core-group-is-layout-aaf2b7b1 wp-block-group-is-layout-constrained\" style=\"padding-bottom:10px\">\n<h6 class=\"wp-block-heading has-text-color has-link-color wp-elements-fe580b1d3ecad91d40488b926a53fce9\" style=\"color:#959e95;font-size:clamp(0.875rem, 0.875rem + ((1vw - 0.2rem) * 0.045), 0.9rem);font-style:normal;font-weight:500\">mes po\u00e9sies<\/h6>\n\n\n\n<h2 class=\"wp-block-heading has-text-color has-link-color has-hedvig-letters-serif-regular-font-family wp-elements-547cac4e5cdb437ff5ad61585b9af6c1\" style=\"color:#242925;font-size:clamp(1.551rem, 1.551rem + ((1vw - 0.2rem) * 1.907), 2.6rem);\">Un \u00e9chantillon de lyrisme<\/h2>\n\n\n\n<p class=\"justifier\" style=\"margin-top:30px\">Pour sortir la po\u00e9sie de son ghetto, il faut sans doute en partager des bribes, voire des textes entiers. <\/p>\n\n\n\n<p class=\"justifier\" style=\"margin-top:30px\">Parfois, un po\u00e8me est la meilleure fa\u00e7on de capter une \u00e9motion ou instant. Disons-le, c&rsquo;est aussi une bonne fa\u00e7on de faire ses armes, de comprendre la nuance d&rsquo;un mot ou la force d&rsquo;une tournure. <\/p>\n<\/div>\n\n\n\n<p class=\"justifier\">Je partage quelques po\u00e8mes que j&rsquo;appr\u00e9cie sur cette page et le reste para\u00eetra en temps voulu.<\/p>\n<\/div>\n\n\n\n<div class=\"wp-block-column is-layout-flow wp-block-column-is-layout-flow\" style=\"padding-right:10px;padding-left:10px;flex-basis:40%\">\n<figure class=\"wp-block-image size-full is-resized has-custom-border\"><img loading=\"lazy\" decoding=\"async\" width=\"1024\" height=\"796\" src=\"https:\/\/edouardessig.com\/wp-content\/uploads\/2024\/05\/janmotpoemedelame26-2.webp\" alt=\"\" class=\"wp-image-224\" style=\"border-radius:16px;width:457px;height:auto\" srcset=\"https:\/\/edouardessig.com\/wp-content\/uploads\/2024\/05\/janmotpoemedelame26-2.webp 1024w, https:\/\/edouardessig.com\/wp-content\/uploads\/2024\/05\/janmotpoemedelame26-2-300x233.webp 300w, https:\/\/edouardessig.com\/wp-content\/uploads\/2024\/05\/janmotpoemedelame26-2-768x597.webp 768w\" sizes=\"auto, (max-width: 1024px) 100vw, 1024px\" \/><\/figure>\n<\/div>\n<\/div>\n<\/div>\n<\/div><\/div>\n\n\n\n<div class=\"wp-block-cover alignfull is-light\" style=\"min-height:1785px;aspect-ratio:unset;\"><span aria-hidden=\"true\" class=\"wp-block-cover__background has-background-dim-100 has-background-dim\" style=\"background-color:#f3f3f3\"><\/span><div class=\"wp-block-cover__inner-container has-global-padding is-layout-constrained wp-block-cover-is-layout-constrained\">\n<section class=\"wp-block-group alignfull has-text-color has-background has-global-padding is-layout-constrained wp-container-core-group-is-layout-0a7ed16d wp-block-group-is-layout-constrained\" style=\"border-style:none;border-width:0px;color:#3e3e3e;background-color:#fefefe;margin-top:0px;padding-top:5rem;padding-right:1rem;padding-bottom:5rem;padding-left:1rem;font-size:clamp(0.875rem, 0.875rem + ((1vw - 0.2rem) * 0.464), 1.13rem);font-style:normal;font-weight:400;line-height:1.4\">\n<h2 class=\"wp-block-heading has-text-align-center has-text-color has-hedvig-letters-serif-regular-font-family\" style=\"color:#000000;font-size:clamp(1.837rem, 1.837rem + ((1vw - 0.2rem) * 2.478), 3.2rem);font-style:normal;font-weight:700\">Les po\u00e8mes :<\/h2>\n\n\n\n<hr class=\"wp-block-separator has-alpha-channel-opacity\"\/>\n\n\n\n<div class=\"wp-block-columns is-layout-flex wp-container-core-columns-is-layout-06b1747e wp-block-columns-is-layout-flex\" style=\"padding-top:0rem;padding-right:0px;padding-bottom:0;padding-left:0px\">\n<div class=\"wp-block-column is-layout-flow wp-block-column-is-layout-flow\" style=\"padding-top:1rem;padding-bottom:1rem\">\n<div class=\"wp-block-group has-global-padding is-layout-constrained wp-container-core-group-is-layout-287b5a18 wp-block-group-is-layout-constrained\">\n<h4 class=\"wp-block-heading has-text-align-center has-text-color has-hedvig-letters-serif-regular-font-family\" style=\"color:#000000;font-size:clamp(0.984rem, 0.984rem + ((1vw - 0.2rem) * 0.938), 1.5rem);font-style:normal;font-weight:700;text-decoration:none;text-transform:uppercase\">S&rsquo;\u00e9garer dans la plaine<\/h4>\n\n\n\n<figure class=\"wp-block-image aligncenter size-full\"><img loading=\"lazy\" decoding=\"async\" width=\"296\" height=\"603\" src=\"https:\/\/edouardessig.com\/wp-content\/uploads\/2024\/02\/Capture-decran-2024-02-04-a-21.03.21-e1716888148229.png\" alt=\"\" class=\"wp-image-134\" srcset=\"https:\/\/edouardessig.com\/wp-content\/uploads\/2024\/02\/Capture-decran-2024-02-04-a-21.03.21-e1716888148229.png 296w, https:\/\/edouardessig.com\/wp-content\/uploads\/2024\/02\/Capture-decran-2024-02-04-a-21.03.21-e1716888148229-147x300.png 147w\" sizes=\"auto, (max-width: 296px) 100vw, 296px\" \/><\/figure>\n<\/div>\n<\/div>\n\n\n\n<div class=\"wp-block-column is-layout-flow wp-block-column-is-layout-flow\" style=\"padding-top:1rem;padding-bottom:1rem\">\n<div class=\"wp-block-group has-global-padding is-layout-constrained wp-container-core-group-is-layout-287b5a18 wp-block-group-is-layout-constrained\">\n<h4 class=\"wp-block-heading has-text-align-center has-text-color has-hedvig-letters-serif-regular-font-family\" style=\"color:#000000;font-size:clamp(0.984rem, 0.984rem + ((1vw - 0.2rem) * 0.938), 1.5rem);font-style:normal;font-weight:700;text-decoration:none;text-transform:uppercase\">Un tout petit peu plus que rien<\/h4>\n\n\n\n<figure class=\"wp-block-image aligncenter size-full is-resized\"><img loading=\"lazy\" decoding=\"async\" width=\"350\" height=\"616\" src=\"https:\/\/edouardessig.com\/wp-content\/uploads\/2024\/05\/plus-que-rien-1.png\" alt=\"\" class=\"wp-image-287\" style=\"width:283px;height:auto\" srcset=\"https:\/\/edouardessig.com\/wp-content\/uploads\/2024\/05\/plus-que-rien-1.png 350w, https:\/\/edouardessig.com\/wp-content\/uploads\/2024\/05\/plus-que-rien-1-170x300.png 170w\" sizes=\"auto, (max-width: 350px) 100vw, 350px\" \/><\/figure>\n<\/div>\n<\/div>\n<\/div>\n\n\n\n<div class=\"wp-block-columns is-layout-flex wp-container-core-columns-is-layout-06b1747e wp-block-columns-is-layout-flex\" style=\"padding-top:0rem;padding-right:0px;padding-bottom:0;padding-left:0px\">\n<div class=\"wp-block-column is-layout-flow wp-block-column-is-layout-flow\" style=\"padding-top:1rem;padding-bottom:1rem\">\n<div class=\"wp-block-group has-global-padding is-layout-constrained wp-container-core-group-is-layout-287b5a18 wp-block-group-is-layout-constrained\">\n<h4 class=\"wp-block-heading has-text-align-center has-text-color has-hedvig-letters-serif-regular-font-family has-medium-font-size\" style=\"color:#000000;font-style:normal;font-weight:700;text-decoration:none;text-transform:uppercase\">Le sacrifi\u00e9 sur l&rsquo;autel du Beau<\/h4>\n\n\n\n<figure class=\"wp-block-image aligncenter size-full\"><img loading=\"lazy\" decoding=\"async\" width=\"383\" height=\"546\" src=\"https:\/\/edouardessig.com\/wp-content\/uploads\/2024\/02\/Capture-decran-2024-02-04-a-21.04.38-e1716888393245.png\" alt=\"\" class=\"wp-image-136\" srcset=\"https:\/\/edouardessig.com\/wp-content\/uploads\/2024\/02\/Capture-decran-2024-02-04-a-21.04.38-e1716888393245.png 383w, https:\/\/edouardessig.com\/wp-content\/uploads\/2024\/02\/Capture-decran-2024-02-04-a-21.04.38-e1716888393245-210x300.png 210w\" sizes=\"auto, (max-width: 383px) 100vw, 383px\" \/><\/figure>\n<\/div>\n<\/div>\n\n\n\n<div class=\"wp-block-column is-layout-flow wp-block-column-is-layout-flow\" style=\"padding-top:1rem;padding-bottom:1rem\">\n<div class=\"wp-block-group has-global-padding is-layout-constrained wp-container-core-group-is-layout-287b5a18 wp-block-group-is-layout-constrained\">\n<h4 class=\"wp-block-heading has-text-align-center has-text-color has-hedvig-letters-serif-regular-font-family has-medium-font-size\" style=\"color:#000000;font-style:normal;font-weight:700;text-decoration:none;text-transform:uppercase\">La requ\u00eate du Petit Peuple<\/h4>\n\n\n\n<figure class=\"wp-block-image aligncenter size-full is-resized\"><img loading=\"lazy\" decoding=\"async\" width=\"309\" height=\"594\" src=\"https:\/\/edouardessig.com\/wp-content\/uploads\/2024\/02\/Capture-decran-2024-02-04-a-21.04.23-e1716888443786.png\" alt=\"\" class=\"wp-image-137\" style=\"width:293px;height:auto\" srcset=\"https:\/\/edouardessig.com\/wp-content\/uploads\/2024\/02\/Capture-decran-2024-02-04-a-21.04.23-e1716888443786.png 309w, https:\/\/edouardessig.com\/wp-content\/uploads\/2024\/02\/Capture-decran-2024-02-04-a-21.04.23-e1716888443786-156x300.png 156w\" sizes=\"auto, (max-width: 309px) 100vw, 309px\" \/><\/figure>\n<\/div>\n<\/div>\n<\/div>\n<\/section>\n\n\n\n<section class=\"wp-block-group alignfull has-text-color has-background has-global-padding is-layout-constrained wp-container-core-group-is-layout-0a7ed16d wp-block-group-is-layout-constrained\" style=\"border-style:none;border-width:0px;color:#3e3e3e;background-color:#ffffff;margin-top:0px;padding-top:5rem;padding-right:1rem;padding-bottom:5rem;padding-left:1rem;font-size:clamp(0.875rem, 0.875rem + ((1vw - 0.2rem) * 0.464), 1.13rem);font-style:normal;font-weight:400;line-height:1.4\">\n<div class=\"wp-block-columns is-layout-flex wp-container-core-columns-is-layout-06b1747e wp-block-columns-is-layout-flex\" style=\"padding-top:0rem;padding-right:0px;padding-bottom:0;padding-left:0px\">\n<div class=\"wp-block-column is-layout-flow wp-block-column-is-layout-flow\" style=\"padding-top:1rem;padding-bottom:1rem\">\n<div class=\"wp-block-group has-global-padding is-layout-constrained wp-container-core-group-is-layout-287b5a18 wp-block-group-is-layout-constrained\">\n<h4 class=\"wp-block-heading has-text-align-center has-text-color has-hedvig-letters-serif-regular-font-family has-medium-font-size\" style=\"color:#000000;font-style:normal;font-weight:700;text-decoration:none;text-transform:uppercase\">Complainte d&rsquo;un s\u00e9dentaire contraint<\/h4>\n\n\n\n<figure class=\"wp-block-image aligncenter size-full\"><img loading=\"lazy\" decoding=\"async\" width=\"324\" height=\"498\" src=\"https:\/\/edouardessig.com\/wp-content\/uploads\/2024\/02\/Capture-decran-2024-02-04-a-21.03.36-e1716888963937.png\" alt=\"\" class=\"wp-image-139\" srcset=\"https:\/\/edouardessig.com\/wp-content\/uploads\/2024\/02\/Capture-decran-2024-02-04-a-21.03.36-e1716888963937.png 324w, https:\/\/edouardessig.com\/wp-content\/uploads\/2024\/02\/Capture-decran-2024-02-04-a-21.03.36-e1716888963937-195x300.png 195w\" sizes=\"auto, (max-width: 324px) 100vw, 324px\" \/><\/figure>\n<\/div>\n<\/div>\n\n\n\n<div class=\"wp-block-column is-layout-flow wp-block-column-is-layout-flow\" style=\"padding-top:1rem;padding-bottom:1rem\">\n<div class=\"wp-block-group has-global-padding is-layout-constrained wp-container-core-group-is-layout-287b5a18 wp-block-group-is-layout-constrained\">\n<h4 class=\"wp-block-heading has-text-align-center has-text-color has-hedvig-letters-serif-regular-font-family has-medium-font-size\" style=\"color:#000000;font-style:normal;font-weight:700;text-decoration:none;text-transform:uppercase\">Sonnet sous le vent et le soleil<\/h4>\n\n\n\n<figure class=\"wp-block-image aligncenter size-full is-resized\"><img loading=\"lazy\" decoding=\"async\" width=\"285\" height=\"353\" src=\"https:\/\/edouardessig.com\/wp-content\/uploads\/2024\/02\/Capture-decran-2024-02-04-a-21.05.18-e1716889041113.png\" alt=\"\" class=\"wp-image-135\" style=\"width:284px;height:auto\" srcset=\"https:\/\/edouardessig.com\/wp-content\/uploads\/2024\/02\/Capture-decran-2024-02-04-a-21.05.18-e1716889041113.png 285w, https:\/\/edouardessig.com\/wp-content\/uploads\/2024\/02\/Capture-decran-2024-02-04-a-21.05.18-e1716889041113-242x300.png 242w\" sizes=\"auto, (max-width: 285px) 100vw, 285px\" \/><\/figure>\n<\/div>\n<\/div>\n<\/div>\n\n\n\n<div class=\"wp-block-columns is-layout-flex wp-container-core-columns-is-layout-06b1747e wp-block-columns-is-layout-flex\" style=\"padding-top:0rem;padding-right:0px;padding-bottom:0;padding-left:0px\">\n<div class=\"wp-block-column is-layout-flow wp-block-column-is-layout-flow\" style=\"padding-top:1rem;padding-bottom:1rem\">\n<div class=\"wp-block-group has-global-padding is-layout-constrained wp-container-core-group-is-layout-287b5a18 wp-block-group-is-layout-constrained\">\n<h4 class=\"wp-block-heading has-text-align-center has-text-color has-hedvig-letters-serif-regular-font-family has-medium-font-size\" style=\"color:#000000;font-style:normal;font-weight:700;text-transform:uppercase\"><strong>Marie Mirage<\/strong><\/h4>\n\n\n\n<figure class=\"wp-block-image aligncenter size-full is-resized\"><img loading=\"lazy\" decoding=\"async\" width=\"411\" height=\"613\" src=\"https:\/\/edouardessig.com\/wp-content\/uploads\/2024\/05\/Marie-Mirage.png\" alt=\"\" class=\"wp-image-234\" style=\"width:315px;height:auto\" srcset=\"https:\/\/edouardessig.com\/wp-content\/uploads\/2024\/05\/Marie-Mirage.png 411w, https:\/\/edouardessig.com\/wp-content\/uploads\/2024\/05\/Marie-Mirage-201x300.png 201w\" sizes=\"auto, (max-width: 411px) 100vw, 411px\" \/><\/figure>\n<\/div>\n<\/div>\n\n\n\n<div class=\"wp-block-column is-layout-flow wp-block-column-is-layout-flow\" style=\"padding-top:1rem;padding-bottom:1rem\">\n<div class=\"wp-block-group has-global-padding is-layout-constrained wp-container-core-group-is-layout-287b5a18 wp-block-group-is-layout-constrained\">\n<h4 class=\"wp-block-heading has-text-align-center has-text-color has-hedvig-letters-serif-regular-font-family has-medium-font-size\" style=\"color:#000000;font-style:normal;font-weight:700;text-decoration:none;text-transform:uppercase\"><strong>Sonnet mill\u00e9nariste<\/strong><\/h4>\n\n\n\n<figure class=\"wp-block-image aligncenter size-full is-resized\"><img loading=\"lazy\" decoding=\"async\" width=\"404\" height=\"455\" src=\"https:\/\/edouardessig.com\/wp-content\/uploads\/2024\/05\/Sonnet-Milenariste.png\" alt=\"\" class=\"wp-image-233\" style=\"width:332px;height:auto\" srcset=\"https:\/\/edouardessig.com\/wp-content\/uploads\/2024\/05\/Sonnet-Milenariste.png 404w, https:\/\/edouardessig.com\/wp-content\/uploads\/2024\/05\/Sonnet-Milenariste-266x300.png 266w\" sizes=\"auto, (max-width: 404px) 100vw, 404px\" \/><\/figure>\n<\/div>\n<\/div>\n<\/div>\n<\/section>\n<\/div><\/div>\n","protected":false},"excerpt":{"rendered":"","protected":false},"author":1,"featured_media":0,"parent":0,"menu_order":0,"comment_status":"closed","ping_status":"closed","template":"","meta":{"_editorskit_title_hidden":false,"_editorskit_reading_time":0,"_editorskit_is_block_options_detached":false,"_editorskit_block_options_position":"{}","footnotes":""},"class_list":["post-89","page","type-page","status-publish","hentry"],"_links":{"self":[{"href":"https:\/\/edouardessig.com\/index.php\/wp-json\/wp\/v2\/pages\/89","targetHints":{"allow":["GET"]}}],"collection":[{"href":"https:\/\/edouardessig.com\/index.php\/wp-json\/wp\/v2\/pages"}],"about":[{"href":"https:\/\/edouardessig.com\/index.php\/wp-json\/wp\/v2\/types\/page"}],"author":[{"embeddable":true,"href":"https:\/\/edouardessig.com\/index.php\/wp-json\/wp\/v2\/users\/1"}],"replies":[{"embeddable":true,"href":"https:\/\/edouardessig.com\/index.php\/wp-json\/wp\/v2\/comments?post=89"}],"version-history":[{"count":26,"href":"https:\/\/edouardessig.com\/index.php\/wp-json\/wp\/v2\/pages\/89\/revisions"}],"predecessor-version":[{"id":404,"href":"https:\/\/edouardessig.com\/index.php\/wp-json\/wp\/v2\/pages\/89\/revisions\/404"}],"wp:attachment":[{"href":"https:\/\/edouardessig.com\/index.php\/wp-json\/wp\/v2\/media?parent=89"}],"curies":[{"name":"wp","href":"https:\/\/api.w.org\/{rel}","templated":true}]}}