{"id":178,"date":"2024-05-27T14:18:37","date_gmt":"2024-05-27T12:18:37","guid":{"rendered":"http:\/\/edouardessig.com\/?page_id=178"},"modified":"2024-09-01T22:05:04","modified_gmt":"2024-09-01T20:05:04","slug":"accueil","status":"publish","type":"page","link":"https:\/\/edouardessig.com\/","title":{"rendered":"Accueil"},"content":{"rendered":"\n<div class=\"wp-block-cover alignfull is-light\" style=\"padding-top:2%;min-height:60rem;aspect-ratio:unset;\"><span aria-hidden=\"true\" class=\"wp-block-cover__background has-white-background-color has-background-dim-10 has-background-dim\"><\/span><img loading=\"lazy\" decoding=\"async\" width=\"1920\" height=\"1228\" class=\"wp-block-cover__image-background wp-image-273\" alt=\"\" src=\"https:\/\/edouardessig.com\/wp-content\/uploads\/2024\/05\/Dreaming_by_Jozef_Israels-2.jpg\" data-object-fit=\"cover\" srcset=\"https:\/\/edouardessig.com\/wp-content\/uploads\/2024\/05\/Dreaming_by_Jozef_Israels-2.jpg 1920w, https:\/\/edouardessig.com\/wp-content\/uploads\/2024\/05\/Dreaming_by_Jozef_Israels-2-300x192.jpg 300w, https:\/\/edouardessig.com\/wp-content\/uploads\/2024\/05\/Dreaming_by_Jozef_Israels-2-1024x655.jpg 1024w, https:\/\/edouardessig.com\/wp-content\/uploads\/2024\/05\/Dreaming_by_Jozef_Israels-2-768x491.jpg 768w, https:\/\/edouardessig.com\/wp-content\/uploads\/2024\/05\/Dreaming_by_Jozef_Israels-2-1536x982.jpg 1536w\" sizes=\"auto, (max-width: 1920px) 100vw, 1920px\" \/><div class=\"wp-block-cover__inner-container has-global-padding is-layout-constrained wp-container-core-cover-is-layout-ee51f2d2 wp-block-cover-is-layout-constrained\">\n<div class=\"wp-block-group alignwide is-vertical is-content-justification-center is-layout-flex wp-container-core-group-is-layout-b6c1f246 wp-block-group-is-layout-flex\" style=\"min-height:35rem\">\n<div class=\"wp-block-group has-global-padding is-layout-constrained wp-container-core-group-is-layout-1c662c3c wp-block-group-is-layout-constrained\">\n<h3 class=\"wp-block-heading has-text-align-center has-text-color has-hedvig-letters-serif-regular-font-family\" style=\"color:#ffffff;margin-bottom:1rem;font-size:clamp(2.156rem, 2.156rem + ((1vw - 0.2rem) * 3.171), 3.9rem);font-style:normal;font-weight:400;line-height:1;text-transform:none\">R\u00eavons des choses simples<\/h3>\n\n\n\n<p class=\"has-text-align-center has-text-color has-link-color wp-elements-1977b04ed3522f9d95101977920006e8\" style=\"color:#ffffff;font-size:clamp(0.875rem, 0.875rem + ((1vw - 0.2rem) * 0.591), 1.2rem);\">Des histoires banales, des destins communs et des aspirations partag\u00e9es<\/p>\n\n\n\n<div class=\"wp-block-group has-global-padding is-content-justification-center is-layout-constrained wp-container-core-group-is-layout-9b3804fc wp-block-group-is-layout-constrained\" style=\"margin-top:30px\">\n<div class=\"wp-block-buttons is-horizontal is-content-justification-right is-layout-flex wp-container-core-buttons-is-layout-e5324bbf wp-block-buttons-is-layout-flex\" style=\"margin-top:0.21rem\">\n<div class=\"wp-block-button has-custom-width wp-block-button__width-100 has-custom-font-size is-style-fill\" style=\"font-size:clamp(0.875rem, 0.875rem + ((1vw - 0.2rem) * 0.227), 1rem);font-style:normal;font-weight:500;line-height:1;text-transform:capitalize\"><a class=\"wp-block-button__link has-text-color has-background wp-element-button\" href=\"https:\/\/edouardessig.com\/index.php\/articles\/\" style=\"border-style:none;border-width:0px;border-radius:2.5rem;color:#242925;background-color:#ffffff;padding-top:1.1rem;padding-right:0.81rem;padding-bottom:1.1rem;padding-left:0.81rem\">Mes actualit\u00e9s &amp; articles<\/a><\/div>\n<\/div>\n<\/div>\n<\/div>\n<\/div>\n<\/div><\/div>\n\n\n\n<div class=\"wp-block-group alignfull has-global-padding is-layout-constrained wp-container-core-group-is-layout-0117c4cf wp-block-group-is-layout-constrained\" style=\"padding-top:80px;padding-bottom:80px\">\n<div class=\"wp-block-columns alignwide is-layout-flex wp-container-core-columns-is-layout-28f84493 wp-block-columns-is-layout-flex\">\n<div class=\"wp-block-column is-layout-flow wp-block-column-is-layout-flow\" style=\"padding-right:10px;padding-left:10px;flex-basis:50%\">\n<div class=\"wp-block-group is-content-justification-center is-nowrap is-layout-flex wp-container-core-group-is-layout-23441af8 wp-block-group-is-layout-flex\">\n<div class=\"wp-block-group has-global-padding is-content-justification-left is-layout-constrained wp-container-core-group-is-layout-664c02a5 wp-block-group-is-layout-constrained\" style=\"padding-bottom:10px\">\n<h2 class=\"wp-block-heading has-text-color has-link-color has-hedvig-letters-serif-regular-font-family wp-elements-a1621856dfabf55923724dcecea6ff84\" style=\"color:#242925\">Bienvenue, chers lecteurs !<\/h2>\n\n\n\n<p class=\"justifier\">Ce site internet a pour vocation de pr\u00e9senter mon travail d&rsquo;\u00e9criture. Si l&rsquo;occasion se pr\u00e9sente ou que l&rsquo;imp\u00e9ratif se fait sentir, j&rsquo;y \u00e9crirai \u00e9galement mes \u00e9tats d&rsquo;\u00e2mes sur les sujets du monde.<\/p>\n\n\n\n<p class=\"justifier\">Vous trouverez ici de la po\u00e9sie, des nouvelles et des r\u00e9flexions ; aussi des actualit\u00e9s sur l&rsquo;avancement de mon travail. <\/p>\n\n\n\n<p class=\"justifier\">Pour vous donner une id\u00e9e de ce que je produis, le mieux est de lire une petite flop\u00e9e des nouvelles disponibles ici.<\/p>\n\n\n\n<div class=\"wp-block-buttons is-horizontal is-content-justification-left is-layout-flex wp-container-core-buttons-is-layout-4160120e wp-block-buttons-is-layout-flex\" style=\"margin-top:30px\">\n<div class=\"wp-block-button has-custom-font-size is-style-outline has-work-sans-regular-font-family is-style-outline--1\" style=\"font-size:clamp(0.875rem, 0.875rem + ((1vw - 0.2rem) * 0.227), 1rem);font-style:normal;font-weight:700;line-height:1;text-transform:capitalize\"><a class=\"wp-block-button__link has-text-color has-border-color wp-element-button\" href=\"https:\/\/edouardessig.com\/index.php\/nouvelles\/\" style=\"border-color:#242925;border-style:solid;border-width:1px;border-radius:2.5rem;color:#242925;padding-top:1.1rem;padding-right:40px;padding-bottom:1.1rem;padding-left:40px\">Mes nouvelles<\/a><\/div>\n<\/div>\n<\/div>\n<\/div>\n<\/div>\n\n\n\n<div class=\"wp-block-column is-layout-flow wp-block-column-is-layout-flow\" style=\"padding-right:10px;padding-left:10px;flex-basis:50%\">\n<figure class=\"wp-block-image aligncenter size-full has-custom-border\"><img loading=\"lazy\" decoding=\"async\" width=\"512\" height=\"512\" src=\"https:\/\/edouardessig.com\/wp-content\/uploads\/2024\/05\/dont-say-deleuze-how-to-write-a-good-artist-statement-512x512-c.jpg\" alt=\"\" class=\"wp-image-203\" style=\"border-radius:16px\" srcset=\"https:\/\/edouardessig.com\/wp-content\/uploads\/2024\/05\/dont-say-deleuze-how-to-write-a-good-artist-statement-512x512-c.jpg 512w, https:\/\/edouardessig.com\/wp-content\/uploads\/2024\/05\/dont-say-deleuze-how-to-write-a-good-artist-statement-512x512-c-300x300.jpg 300w, https:\/\/edouardessig.com\/wp-content\/uploads\/2024\/05\/dont-say-deleuze-how-to-write-a-good-artist-statement-512x512-c-150x150.jpg 150w\" sizes=\"auto, (max-width: 512px) 100vw, 512px\" \/><\/figure>\n<\/div>\n<\/div>\n<\/div>\n\n\n\n<div class=\"wp-block-group alignfull has-global-padding is-layout-constrained wp-container-core-group-is-layout-6c6e7e04 wp-block-group-is-layout-constrained\" style=\"margin-top:0;margin-bottom:0;padding-top:5.51rem;padding-right:2rem;padding-bottom:3rem;padding-left:2rem\">\n<div class=\"wp-block-group has-global-padding is-content-justification-left is-layout-constrained wp-container-core-group-is-layout-e6673fbd wp-block-group-is-layout-constrained\" style=\"margin-bottom:20px\">\n<h2 class=\"wp-block-heading has-text-color has-link-color has-hedvig-letters-serif-regular-font-family wp-elements-9fe441c107d0fb06e0b3971843ad842b\" style=\"color:#242925;font-size:clamp(1.477rem, 1.477rem + ((1vw - 0.2rem) * 1.769), 2.45rem);\">Ce que je fais<\/h2>\n<\/div>\n\n\n\n<div class=\"wp-block-group alignwide has-global-padding is-layout-constrained wp-block-group-is-layout-constrained\" style=\"margin-top:1.01rem\">\n<div class=\"wp-block-columns alignwide is-layout-flex wp-container-core-columns-is-layout-c8164556 wp-block-columns-is-layout-flex\">\n<div class=\"wp-block-column has-global-padding is-content-justification-center is-layout-constrained wp-container-core-column-is-layout-412b4476 wp-block-column-is-layout-constrained\" style=\"padding-bottom:2rem\">\n<div class=\"wp-block-group alignfull has-global-padding is-layout-constrained wp-container-core-group-is-layout-d47d106a wp-block-group-is-layout-constrained\">\n<figure class=\"wp-block-image aligncenter size-full is-resized has-custom-border\"><a href=\"https:\/\/edouardessig.com\/index.php\/nouvelles\/\"><img loading=\"lazy\" decoding=\"async\" width=\"1024\" height=\"846\" src=\"https:\/\/edouardessig.com\/wp-content\/uploads\/2024\/05\/BROWN-A-Tough-Story-52_9_5-1024x846-2.jpg\" alt=\"\" class=\"wp-image-217\" style=\"border-radius:16px;aspect-ratio:4\/3;object-fit:cover;width:373px;height:auto\" srcset=\"https:\/\/edouardessig.com\/wp-content\/uploads\/2024\/05\/BROWN-A-Tough-Story-52_9_5-1024x846-2.jpg 1024w, https:\/\/edouardessig.com\/wp-content\/uploads\/2024\/05\/BROWN-A-Tough-Story-52_9_5-1024x846-2-300x248.jpg 300w, https:\/\/edouardessig.com\/wp-content\/uploads\/2024\/05\/BROWN-A-Tough-Story-52_9_5-1024x846-2-768x635.jpg 768w\" sizes=\"auto, (max-width: 1024px) 100vw, 1024px\" \/><\/a><\/figure>\n\n\n\n<h6 class=\"wp-block-heading has-text-align-center has-text-color has-hedvig-letters-serif-regular-font-family\" style=\"color:#242925;font-size:clamp(0.875rem, 0.875rem + ((1vw - 0.2rem) * 0.664), 1.24rem);line-height:1.4;text-decoration:none;text-transform:capitalize\"><a href=\"https:\/\/edouardessig.com\/index.php\/nouvelles\/\">Nouvelles<\/a><\/h6>\n<\/div>\n<\/div>\n\n\n\n<div class=\"wp-block-column has-global-padding is-layout-constrained wp-container-core-column-is-layout-a3af4fe5 wp-block-column-is-layout-constrained\" style=\"padding-bottom:2rem\">\n<div class=\"wp-block-group alignfull has-global-padding is-layout-constrained wp-container-core-group-is-layout-d47d106a wp-block-group-is-layout-constrained\">\n<figure class=\"wp-block-image aligncenter size-full is-resized has-custom-border\"><a href=\"https:\/\/edouardessig.com\/index.php\/poesies\/\"><img loading=\"lazy\" decoding=\"async\" width=\"1024\" height=\"796\" src=\"https:\/\/edouardessig.com\/wp-content\/uploads\/2024\/05\/janmotpoemedelame26-2.webp\" alt=\"\" class=\"wp-image-224\" style=\"border-radius:16px;aspect-ratio:4\/3;object-fit:cover;width:374px;height:auto\" srcset=\"https:\/\/edouardessig.com\/wp-content\/uploads\/2024\/05\/janmotpoemedelame26-2.webp 1024w, https:\/\/edouardessig.com\/wp-content\/uploads\/2024\/05\/janmotpoemedelame26-2-300x233.webp 300w, https:\/\/edouardessig.com\/wp-content\/uploads\/2024\/05\/janmotpoemedelame26-2-768x597.webp 768w\" sizes=\"auto, (max-width: 1024px) 100vw, 1024px\" \/><\/a><\/figure>\n\n\n\n<h6 class=\"wp-block-heading has-text-align-center has-text-color has-hedvig-letters-serif-regular-font-family\" style=\"color:#242925;font-size:clamp(0.875rem, 0.875rem + ((1vw - 0.2rem) * 0.664), 1.24rem);line-height:1.4;text-decoration:none;text-transform:capitalize\"><a href=\"https:\/\/edouardessig.com\/index.php\/poesies\/\">Po\u00e9sie<\/a><\/h6>\n<\/div>\n<\/div>\n\n\n\n<div class=\"wp-block-column has-global-padding is-content-justification-center is-layout-constrained wp-container-core-column-is-layout-412b4476 wp-block-column-is-layout-constrained\" style=\"padding-bottom:2rem\">\n<div class=\"wp-block-group alignfull has-global-padding is-layout-constrained wp-container-core-group-is-layout-d47d106a wp-block-group-is-layout-constrained\">\n<figure class=\"wp-block-image aligncenter size-full is-resized has-custom-border\"><img loading=\"lazy\" decoding=\"async\" width=\"1024\" height=\"817\" src=\"https:\/\/edouardessig.com\/wp-content\/uploads\/2024\/05\/The-Long-Story-aka-The-Tough-Story-1837-William-Sidney-Mount-oil-painting-1.jpg\" alt=\"\" class=\"wp-image-207\" style=\"border-radius:16px;aspect-ratio:4\/3;object-fit:cover;width:372px;height:auto\" srcset=\"https:\/\/edouardessig.com\/wp-content\/uploads\/2024\/05\/The-Long-Story-aka-The-Tough-Story-1837-William-Sidney-Mount-oil-painting-1.jpg 1024w, https:\/\/edouardessig.com\/wp-content\/uploads\/2024\/05\/The-Long-Story-aka-The-Tough-Story-1837-William-Sidney-Mount-oil-painting-1-300x239.jpg 300w, https:\/\/edouardessig.com\/wp-content\/uploads\/2024\/05\/The-Long-Story-aka-The-Tough-Story-1837-William-Sidney-Mount-oil-painting-1-768x613.jpg 768w\" sizes=\"auto, (max-width: 1024px) 100vw, 1024px\" \/><\/figure>\n\n\n\n<h6 class=\"wp-block-heading has-text-align-center has-text-color has-hedvig-letters-serif-regular-font-family\" style=\"color:#242925;font-size:clamp(0.875rem, 0.875rem + ((1vw - 0.2rem) * 0.664), 1.24rem);line-height:1.4;text-decoration:none;text-transform:capitalize\"><a href=\"#\">Roman<\/a><\/h6>\n<\/div>\n<\/div>\n<\/div>\n<\/div>\n<\/div>\n\n\n\n<div class=\"wp-block-cover alignfull is-light\"><span aria-hidden=\"true\" class=\"wp-block-cover__background has-background-dim-100 has-background-dim\" style=\"background-color:#f3f3f3\"><\/span><div class=\"wp-block-cover__inner-container has-global-padding is-layout-constrained wp-container-core-cover-is-layout-4383d167 wp-block-cover-is-layout-constrained\">\n<div class=\"wp-block-group alignfull has-global-padding is-layout-constrained wp-container-core-group-is-layout-0117c4cf wp-block-group-is-layout-constrained\" style=\"padding-top:80px;padding-bottom:80px\">\n<div class=\"wp-block-columns alignwide is-layout-flex wp-container-core-columns-is-layout-28f84493 wp-block-columns-is-layout-flex\">\n<div class=\"wp-block-column is-layout-flow wp-block-column-is-layout-flow\" style=\"padding-right:10px;padding-left:10px;flex-basis:40%\">\n<figure class=\"wp-block-image aligncenter size-full has-custom-border\"><img loading=\"lazy\" decoding=\"async\" width=\"788\" height=\"570\" src=\"https:\/\/edouardessig.com\/wp-content\/uploads\/2024\/05\/19-CLP_788x570_NG3234-1.webp\" alt=\"\" class=\"wp-image-209\" style=\"border-radius:16px;aspect-ratio:4\/3;object-fit:cover\" srcset=\"https:\/\/edouardessig.com\/wp-content\/uploads\/2024\/05\/19-CLP_788x570_NG3234-1.webp 788w, https:\/\/edouardessig.com\/wp-content\/uploads\/2024\/05\/19-CLP_788x570_NG3234-1-300x217.webp 300w, https:\/\/edouardessig.com\/wp-content\/uploads\/2024\/05\/19-CLP_788x570_NG3234-1-768x556.webp 768w\" sizes=\"auto, (max-width: 788px) 100vw, 788px\" \/><\/figure>\n<\/div>\n\n\n\n<div class=\"wp-block-column is-vertically-aligned-center is-layout-flow wp-block-column-is-layout-flow\" style=\"padding-right:10px;padding-left:10px;flex-basis:60%\">\n<div class=\"wp-block-group is-content-justification-center is-nowrap is-layout-flex wp-container-core-group-is-layout-23441af8 wp-block-group-is-layout-flex\">\n<div class=\"wp-block-group has-global-padding is-content-justification-left is-layout-constrained wp-container-core-group-is-layout-fa1486d9 wp-block-group-is-layout-constrained\" style=\"padding-top:30px;padding-bottom:30px\">\n<h4 class=\"wp-block-heading has-text-color has-link-color wp-elements-90ef81390249c2277c3a68fa28d7a449\" style=\"color:#242925;font-size:12px;font-style:normal;font-weight:600;text-transform:uppercase\">\u00e0 venir<\/h4>\n\n\n\n<h2 class=\"wp-block-heading has-text-color has-link-color has-hedvig-letters-serif-regular-font-family wp-elements-68e2607456326d2832c94493dcc9f9c4\" style=\"color:#242925;font-size:clamp(1.502rem, 1.502rem + ((1vw - 0.2rem) * 1.815), 2.5rem);\">L\u00e9g\u00e8rement au-del\u00e0 du cr\u00e9dible<\/h2>\n\n\n\n<p style=\"margin-top:0px;margin-right:0px;margin-bottom:0px;margin-left:0px;padding-top:20px;padding-right:0px;padding-bottom:0px;padding-left:0px\">Un recueil de nouvelles regroupant une s\u00e9rie de textes sur le th\u00e8me de la banalit\u00e9, des choses mornes et distantes.<\/p>\n\n\n\n<div class=\"wp-block-buttons is-horizontal is-content-justification-left is-layout-flex wp-container-core-buttons-is-layout-4160120e wp-block-buttons-is-layout-flex\" style=\"margin-top:30px\">\n<div class=\"wp-block-button has-custom-font-size is-style-outline has-work-sans-regular-font-family is-style-outline--2\" style=\"font-size:clamp(0.875rem, 0.875rem + ((1vw - 0.2rem) * 0.227), 1rem);font-style:normal;font-weight:700;line-height:1;text-transform:capitalize\"><a class=\"wp-block-button__link has-text-color has-border-color wp-element-button\" href=\"#\" style=\"border-color:#242925;border-style:solid;border-width:1px;border-radius:2.5rem;color:#242925;padding-top:1.1rem;padding-right:40px;padding-bottom:1.1rem;padding-left:40px\">Bient\u00f4t disponible<\/a><\/div>\n<\/div>\n<\/div>\n<\/div>\n<\/div>\n<\/div>\n<\/div>\n<\/div><\/div>\n","protected":false},"excerpt":{"rendered":"<p>Bienvenue, chers lecteurs ! Ce site internet a pour vocation de pr\u00e9senter mon travail d&rsquo;\u00e9criture. Si l&rsquo;occasion se pr\u00e9sente ou que l&rsquo;imp\u00e9ratif se fait sentir, j&rsquo;y \u00e9crirai \u00e9galement mes \u00e9tats d&rsquo;\u00e2mes sur les sujets du monde. Vous trouverez ici de la po\u00e9sie, des nouvelles et des r\u00e9flexions ; aussi des actualit\u00e9s sur l&rsquo;avancement de mon [&hellip;]<\/p>\n","protected":false},"author":1,"featured_media":0,"parent":0,"menu_order":0,"comment_status":"closed","ping_status":"closed","template":"","meta":{"_editorskit_title_hidden":false,"_editorskit_reading_time":0,"_editorskit_is_block_options_detached":false,"_editorskit_block_options_position":"{}","footnotes":""},"class_list":["post-178","page","type-page","status-publish","hentry"],"_links":{"self":[{"href":"https:\/\/edouardessig.com\/index.php\/wp-json\/wp\/v2\/pages\/178","targetHints":{"allow":["GET"]}}],"collection":[{"href":"https:\/\/edouardessig.com\/index.php\/wp-json\/wp\/v2\/pages"}],"about":[{"href":"https:\/\/edouardessig.com\/index.php\/wp-json\/wp\/v2\/types\/page"}],"author":[{"embeddable":true,"href":"https:\/\/edouardessig.com\/index.php\/wp-json\/wp\/v2\/users\/1"}],"replies":[{"embeddable":true,"href":"https:\/\/edouardessig.com\/index.php\/wp-json\/wp\/v2\/comments?post=178"}],"version-history":[{"count":25,"href":"https:\/\/edouardessig.com\/index.php\/wp-json\/wp\/v2\/pages\/178\/revisions"}],"predecessor-version":[{"id":402,"href":"https:\/\/edouardessig.com\/index.php\/wp-json\/wp\/v2\/pages\/178\/revisions\/402"}],"wp:attachment":[{"href":"https:\/\/edouardessig.com\/index.php\/wp-json\/wp\/v2\/media?parent=178"}],"curies":[{"name":"wp","href":"https:\/\/api.w.org\/{rel}","templated":true}]}}